26 + -5579334?
-557930a
In base 7, what is -203511443 - -1?
-203511442
In base 13, what is 1a8958c - 2?
1a8958a
In base 7, what is 0 + -360412524?
-360412524
In base 11, what is -2588 - 1673?
-4150
In base 12, what is -1180a7a7 + -3?
-1180a7aa
In base 3, what is -220001121021 + 100112?
-220001020202
In base 4, what is -232011 - -130211223?
123313212
In base 3, what is -12021 + 212101210100?
212101121002
In base 12, what is -2 + -aaaab3?
-aaaab5
In base 14, what is -8a + -32ad8d?
-32b039
In base 13, what is 2 + -6c86b773?
-6c86b771
In base 7, what is 6065 - -11512?
20610
In base 2, what is 10010010101 + 11100100111100010?
11100111001110111
In base 16, what is 5 + -282561?
-28255c
In base 11, what is 7104802 - -1?
7104803
In base 5, what is 3201110114 - -1001?
3201111120
In base 13, what is 8 - -52a453?
52a45b
In base 5, what is -4210440 + -113?
-4211103
In base 10, what is -4 + 11337948?
11337944
In base 14, what is -8cc8 - -3518?
-57b0
In base 7, what is 66 + 5030003?
5030102
In base 6, what is 2434100104 - -2?
2434100110
In base 14, what is -7394 + b1?
-72c3
In base 6, what is 50314 + -12454?
33420
In base 8, what is -45 - 3750321?
-3750366
In base 3, what is -21022012022 - -11200212?
-21010111110
In base 8, what is -7107 + -41061?
-50170
In base 13, what is -48a50 + -149?
-48b99
In base 11, what is -2 - 1245120?
-1245122
In base 14, what is 8c09820 - 3?
8c0981b
In base 8, what is -4401527154 + 2?
-4401527152
In base 6, what is -3 + -134422332?
-134422335
In base 14, what is 4ab46c - -2?
4ab470
In base 15, what is 3617 - 30a?
330c
In base 7, what is -332305 + -101?
-332406
In base 6, what is -14533223 - 2330?
-14535553
In base 14, what is -138a0 + -9d8?
-14498
In base 6, what is 13 - -414230201?
414230214
In base 2, what is -1100010000110000 - -111010010?
-1100001001011110
In base 10, what is -2910 - 24394?
-27304
In base 5, what is -1013303424323 - 3?
-1013303424331
In base 7, what is 43400 + -150016?
-103316
In base 14, what is -1b51b - 127?
-1b644
In base 8, what is -4 - 1374636?
-1374642
In base 15, what is 8d6dc50 + 8?
8d6dc58
In base 4, what is -33120231022 + -1102?
-33120232130
In base 15, what is 5beb + -3e6?
5805
In base 8, what is 7 - -2767724?
2767733
In base 13, what is 607 + -33141?
-32837
In base 2, what is 1 + -11101111110000011101?
-11101111110000011100
In base 10, what is 150 + -6218?
-6068
In base 13, what is 5 - -3827484?
3827489
In base 12, what is 209 + 2a7510?
2a7719
In base 4, what is 1022123210 - -132?
1022130002
In base 8, what is -13036372524 - 3?
-13036372527
In base 16, what is 2716 + -553?
21c3
In base 3, what is 1202 - -2211121100011?
2211121101220
In base 12, what is -6860458b + -5?
-68604594
In base 11, what is -7a - -62242?
62173
In base 10, what is -519 + -100880?
-101399
In base 12, what is 466 - b055?
-a7ab
In base 4, what is 3321223231013 + 2?
3321223231021
In base 13, what is c61 - -29c3?
3954
In base 8, what is 10 - -4372243?
4372253
In base 4, what is -30 + 303323212012?
303323211322
In base 12, what is 234 - 1121a?
-10ba6
In base 7, what is -6 - -404520661?
404520652
In base 15, what is bbc95a - 24?
bbc936
In base 7, what is -23 - -11215244?
11215221
In base 13, what is 5c76 + -1a28?
424b
In base 11, what is -340 + -1050271?
-1050601
In base 4, what is -31021020 + -33323?
-31121003
In base 12, what is 11 + -9757b4?
-9757a3
In base 14, what is -b430 + 2b2?
-b15c
In base 15, what is -47 - 133e58?
-133ea0
In base 10, what is -31 + -404732?
-404763
In base 3, what is -212212012 - -2110220?
-210101022
In base 2, what is -101 + 1101001111001101101010?
1101001111001101100101
In base 4, what is -120122123 + 21002?
-120101121
In base 12, what is -65b - 1247b?
-12b1a
In base 5, what is 144021 - -10233421?
10432442
In base 12, what is -5164 - -1134?
-4030
In base 12, what is 2b48 + -2a6?
2862
In base 7, what is 244 - -1356551?
1360125
In base 10, what is -11 + 119649?
119638
In base 8, what is -3 - 74047620?
-74047623
In base 16, what is bc65f3 - 6?
bc65ed
In base 15, what is -abc - 2d298?
-2dd65
In base 4, what is -331332 - -3101220?
2103222
In base 6, what is 100430 + 145?
101015
In base 12, what is 1 - -470b83?
470b84
In base 5, what is -34032 + -10124?
-44211
In base 9, what is -5868 + -280?
-6258
In base 11, what is 2a51639 - 12?
2a51627
In base 3, what is 1 + 10112001122200?
10112001122201
In base 3, what is 2200022121010 + 1?
2200022121011
In base 9, what is -15 - 102665024?
-102665040
In base 4, what is -11 + 1211030121023?
1211030121012
In base 10, what is -2 - -5170809?
5170807
In base 14, what is -13d - -2b0185?
2b0046
In base 10, what is 686 + 10702?
11388
In base 4, what is 32 - -121112223201?
121112223233
In base 14, what is -880 - 60494?
-60d34
In base 13, what is 2a949 + 13?
2a95c
In base 13, what is -182a4261 + -2?
-182a4263
In base 5, what is -10 + -101032441?
-101033001
In base 9, what is -2066320 - 20?
-2066340
In base 10, what is -5 - 81228317?
-81228322
In base 10, what is 70579 + -3262?
67317
In base 4, what is 111232122112 - -33?
111232122211
In base 8, what is -315 - 113022?
-113337
In base 7, what is -24556653 + 203?
-24556450
In base 8, what is -55615515 + -7?
-55615524
In base 2, what is 110000001011101 - 1101100?
101111111110001
In base 9, what is 571068 - 11?
571057
In base 15, what is -5548 + 86?
-54b2
In base 8, what is -2221711 + -22?
-2221733
In base 8, what is 24214 - 6624?
15370
In base 10, what is -1501962 - 22?
-1501984
In base 9, what is -1781 - 23?
-1814
In base 6, what is 33424551513 - -2?
33424551515
In base 9, what is 5180 + -18486?
-13306
In base 15, what is -6d - 2d736?
-2d7a4
In base 14, what is 2932a0a + -7?
2932a03
In base 6, what is 51045430 - 54?
51045332
In base 14, what is 8 + -7aa3c8b?
-7aa3c83
In base 16, what is -2730 + -13d?
-286d
In base 8, what is 23103666 + -2?
23103664
In base 2, what is -1100010110101101100 - -101011011?
-1100010110000010001
In base 3, what is -10202220010112212 + -2?
-10202220010112221
In base 7, what is -331104034 + -16?
-331104053
In base 14, what is 35cb8656 - 4?
35cb8652
In base 4, what is -220 - 202331330110?
-202331330330
In base 4, what is 3312 - 212223220?
-212213302
In base 15, what is -9 + 23a132?
23a128
In base 16, what is 355596 - -2?
355598
In base 10, what is 31378 - -6237?
37615
In base 14, what is 5d + 222da?
22359
In base 11, what is -95517a + -11?
-955190
In base 8, what is -1403277730 - -3?
-1403277725
In base 6, what is -2255 - 11402?
-14101
In base 11, what is -91878 + -4?
-91881
In base 2, what is -101011000100110110110010 - 1?
-101011000100110110110011
In base 8, what is -43 - 1202001?
-1202044
In base 5, what is -13223220 + -124?
-13223344
In base 4, what is -3120121101 - 32?
-3120121133
In base 14, what is -8074109 - 5?
-8074110
In base 16, what is 3b9e7c4 - -8?
3b9e7cc
In base 4, what is 0 - -33321022230?
33321022230
In base 13, what is 1542c89 - 5?
1542c84
In base 14, what is 11203a86 - 6?
11203a80
In base 16, what is 2 + -807835?
-807833
In base 12, what is 1008 - -2740?
3748
In base 8, what is -272641 + 573?
-272046
In base 4, what is 322123 - -12233221?
13222010
In base 6, what is 344021 - 5012?
335005
In base 10, what is -9827 - -138?
-9689
In base 13, what is 44 - 21c917?
-21c8a3
In base 16, what is -11 - 252edb?
-252eec
In base 5, what is 4121040 - 30?
4121010
In base 7, what is -663621360 - -3?
-663621354
In base 4, what is 111032312 - 2013?
111030233
In base 6, what is 1440404340 - -20?
1440404400
In base 3, what is -2010 - 2111100202212?
-2111100211222
In base 14, what is 31845 - c41?
30a04
In base 16, what is 91 - 6e56?
-6dc5
In base 8, what is -6605605 + -311?
-6606116
In base 9, what is 87507403 - -11?
87507414
In base 13, what is -47041348 - 1?
-47041349
In base 5, what is -11020 + -11030044?
-11041114
In base 8, what is -10 - -4347376?
4347366
In base 14, what is 5bb - 9b54?
-9577
In base 14, what is 41 + 8da5?
9006
In base 15, what is 38e703 - -1?
38e704
In base 6, what is -1 + 31422002?
31422001
In base 9, what is 20 + 225165?
225185
In base 10, what is 6 + -6458210?
-6458204
In base 12, what is 4 - -5b15013?
5b15017
In base 3, what is -101102202 + 101201211?
22002
In base 6, what is -1051 + 21113?
20022
In base 12, what is -78a2a + 263?
-78787
In base 8, what is -2130352 + 227?
-2130123
